 = -622. What are the prime factors of u?
2, 3, 13
Suppose 8*d - 3*d = 2*p - 3565, 1769 = p + 2*d. List the prime factors of p.
5, 71
Let q(j) = j**3 + 3*j**2 + 2*j + 3. Let o(l) = -2*l**3 - 4*l**2 - 2*l - 3. Let r(f) = -3*o(f) - 4*q(f). List the prime factors of r(4).
3, 13
List the prime factors of (222/(-2))/(((-63)/(-140))/(-3)).
2, 5, 37
Suppose 0 = 6*u - 122 - 946. Suppose 4*j - u = 34. List the prime factors of j.
53
Suppose 4*u - 15 = -2*m + 5*u, 4*u - 12 = 0. Let y(f) = -4*f + 5. Let z be y(m). Let j = -10 - z. What are the prime factors of j?
3, 7
Suppose -1 + 7 = 3*j. Suppose 0 = -t + j*t - 12. List the prime factors of 3/t - 207/(-4).
2, 13
Let v = -4962 - -9415. What are the prime factors of v?
61, 73
Let t = 5 - 5. Suppose t = -d - d. Suppose -m + 3*m - 68 = d. What are the prime factors of m?
2, 17
What are the prime factors of 1999 - (-25)/((-30)/(-6))?
2, 3, 167
Let x = 127 - 124. What are the prime factors of (18/1*x)/((-48)/(-160))?
2, 3, 5
Let f be (-2 - 0) + 11 + -7. List the prime factors of f/3 - 422/(-6).
71
Let u = 2 - 14. Suppose 5*c + 12*c - 595 = 0. Let n = c + u. What are the prime factors of n?
23
Suppose 2*i - 81 = k, 9*i - 4*i + 3*k - 175 = 0. Suppose 0 = -5*v + 2*x + 80, 2*v = -0*x + 2*x + i. List the prime factors of 130/14 + (-4)/v.
3
Suppose -148*s = -158*s + 1040. List the prime factors of s.
2, 13
What are the prime factors of -1*(-2 + 6 + -314)?
2, 5, 31
Let m = 0 - -4. Suppose n - 27 = -3*p, 0 = 3*p - 0*n + 2*n - 30. Suppose b = -b + d + p, -5*b = -m*d - 23. What are the prime factors of b?
3
Let c = -171 - -329. What are the prime factors of c?
2, 79
Let y be 1/(((-12)/51)/4). Let j = y + 19. Let x(d) = 5*d - 4. What are the prime factors of x(j)?
2, 3
Let d(u) = 3*u**3 - 15*u**2 - 17*u + 19. What are the prime factors of d(9)?
2, 419
Suppose 6*j = 5*j + 10. Suppose -5*z + q + 59 = 0, -2*z - 2*q + j + 16 = 0. Suppose -2*d = -d + 4*c - z, -13 = -d - 3*c. List the prime factors of d.
2
Suppose 0*x + x + 104 = 5*k, 4*k - x = 84. Suppose 0*w = 4*w + k, -3*w = -4*m + 91. Let r = m - 2. What are the prime factors of r?
17
Let y(i) = -11*i + 10. Let n be y(-4). Let x = n - 7. What are the prime factors of x?
47
Let p(q) = 2*q**2 - 14*q - 79. List the prime factors of p(18).
317
Let i(z) = z**3 + 7*z**2 + 4*z - 6. Let r(u) = -u**2 - 8*u - 6. Suppose -2*m + 6*m + 32 = 0. Let x be r(m). List the prime factors of i(x).
2, 3
Suppose 3*r - 11 = -2, 3*t - r = 237. Let v = 177 - t. List the prime factors of v.
97
Let y be 60/6*7/2. Let w be ((-14)/y)/(1/(-5)). Suppose w*v = -5*j - v + 147, 125 = 4*j - 5*v. What are the prime factors of j?
2, 3, 5
Let l be 35/(-15) + 3/9. Let k be (2 + 1)*(-2)/l. Suppose 3*u + 0*u = 2*c - 82, -3*u = k*c - 93. List the prime factors of c.
5, 7
Suppose -3*f + 19 + 10 = w, 18 = 2*w - 2*f. Let m = w - -9. List the prime factors of m.
23
Suppose 20*j = 24*j - 1612. List the prime factors of j.
13, 31
Suppose -30 = -3*d + 21. Suppose -73 + d = -n. List the prime factors of n.
2, 7
Let t(f) be the second derivative of 2*f**3 - 3*f**2 + f. List the prime factors of t(3).
2, 3, 5
Suppose -46*d + 9 = -49*d. List the prime factors of (-4)/((-6)/d)*(-48 + -4).
2, 13
Let h(f) = -f**2 - 6*f + 558. List the prime factors of h(0).
2, 3, 31
Let n(o) = -133*o + 467. What are the prime factors of n(-24)?
3659
Let a be (-4842)/81 - (-2)/(-9). Let l = a - -102. What are the prime factors of (l/(-2))/((-30)/20)?
2, 7
Let i = -273 - -1820. List the prime factors of i.
7, 13, 17
Let t(z) = -3*z + 21. Let d be t(6). Suppose d*r + r - 2*o = 4, -o = -4. List the prime factors of r.
3
Suppose 4934 = 5*w + 3*t, -5*w = 5*t - 1165 - 3765. What are the prime factors of w?
2, 13, 19
Let c = -4146 - -6269. What are the prime factors of c?
11, 193
Suppose -4*r + 30 = -58. Suppose r*q - 21*q = 70. List the prime factors of q.
2, 5, 7
Suppose 0 = -3*d + 526 - 202. Suppose -2*i = -2*q - 4*i + d, 4*i + 216 = 4*q. What are the prime factors of q?
2, 3
Let k = 450 + -109. Suppose z - 252 = -5*j, -2*z - 4*j + 6*j = -504. Suppose 4*p + 2*g = -0*p + z, 4*g + k = 5*p. What are the prime factors of p?
5, 13
Let o(n) = n**2 + 3*n + 1. Let d be o(-4). Suppose d*q - 10 = 4*q. Suppose 0 = q*r - 15*r + 115. List the prime factors of r.
23
Let y(l) = 8*l**3 + 4*l**2 - 2*l + 7. Let m(w) = -7*w**3 - 5*w**2 + w - 6. Let o(a) = 6*m(a) + 5*y(a). What are the prime factors of o(-5)?
19
Let u(p) = -14*p - 47. Suppose 4*x + 11 + 5 = 0. What are the prime factors of u(x)?
3
Let a = 8 - 14. Let j(m) be the second derivative of -m**5/20 - 5*m**4/12 + 2*m**3/3 + 5*m**2/2 - 5*m. What are the prime factors of j(a)?
17
Suppose -1 = -w - 0*w. Suppose 2*z + 5 = -n - w, 3*z = -n - 9. Suppose n = c - 2*c + 5. List the prime factors of c.
5
Let n(j) = 612*j + 5. List the prime factors of n(1).
617
Let h(x) = 110*x**2. List the prime factors of h(2).
2, 5, 11
What are the prime factors of ((-8)/(-6) + 0)/((-1)/(-12))?
2
Let b(h) = 265*h - 268. List the prime factors of b(8).
2, 463
Let w(p) = -p**2 - 4*p - 1. Let d be w(-3). Suppose -4*k = -d*k. Let r = 10 - k. What are the prime factors of r?
2, 5
Let n = -639 + 1123. What are the prime factors of n?
2, 11
Let o(i) = 494*i - 323. What are the prime factors of o(8)?
19, 191
Suppose -3*o + 5*o - 330 = 0. Suppose 5*a - 165 = o. Suppose 0*f - 3*f = -a. What are the prime factors of f?
2, 11
Suppose 5*q - 713 = -208. Let f be 5/((-10)/8) + q. Suppose -f = 5*p - 272. What are the prime factors of p?
5, 7
Let v(i) = -2*i**3 - 7*i**2 + 3*i - 1. Let c be v(-4). Suppose 0 = c*q - 2*f + 3*f - 326, 5*f - 10 = 0. List the prime factors of q.
2, 3
List the prime factors of (-4)/(-18) - (-1586)/234.
7
Let b(w) = -2*w**2 + 4*w - 13. Let y be b(5). Let j = y + 79. List the prime factors of j.
2, 3
List the prime factors of -2 - -9 - (-23364)/36.
2, 41
Suppose 12230 = -9*s + 39230. List the prime factors of s.
2, 3, 5
Suppose 4818*m = 4816*m + 5600. What are the prime factors of m?
2, 5, 7
Let y = 49 - -16. Let s = 100 - y. What are the prime factors of s?
5, 7
Let d be 44/10 + 20/(-50). Suppose -21 = -4*h - 5*q, -h + 3 = 3*q - d. What are the prime factors of 2/h*(-52)/(-2)?
13
Let n = 483 - -1995. What are the prime factors of n?
2, 3, 7, 59
Let t(c) = 23*c**3 + 3*c**2 - 3. Let p be t(2). Suppose 3*l + 2*n = -2*l - p, -l - 5*n = 34. Let j = -11 - l. List the prime factors of j.
2, 7
Let w(k) = k**3 + 6*k**2 + 4*k - 2. Let n be w(-5). Let s be n/(3/24*6). Let x(d) = -d**3 + 6*d**2 + 4*d - 10. List the prime factors of x(s).
2, 19
Suppose 25*y - 28101 = -4*y. What are the prime factors of y?
3, 17, 19
Suppose x - 13 = -5*s, -4*s - 20 = -2*x - 8. Suppose 33 = i + x*j - 4*j, 3*i - 4*j - 115 = 0. What are the prime factors of i?
37
Suppose 23 - 25 = -p. Suppose -p*t = -t - 46. What are the prime factors of t?
2, 23
Suppose 0 = 5*q - 2880 + 1085. Let v = -109 + q. List the prime factors of v.
2, 5
Suppose -11 = v - 2. Let i be 100/(-6)*v/6. Let c = i + -14. List the prime factors of c.
11
Suppose 17*l - 8*l = 2826. What are the prime factors of l?
2, 157
Let k = 21 + -16. What are the prime factors of (-3)/k - (-624)/15?
41
Let f be (6 - 0)/(1/10). Suppose 0 = 2*v - 6*v - f. List the prime factors of -4 - -4 - v*1.
3, 5
Let l(n) = -n**3 + n**2 - n - 45. Let w be l(0). Let x = w + 58. What are the prime factors of x?
13
Suppose -9*g = -10*g. Let u(h) = g + 3 - 4*h**2 + 2*h**3 + 0 + h. List the prime factors of u(3).
2, 3
Let j(z) = 5*z**3 - 4*z**2 + 2*z + 9. Let t(s) = s**3 - s**2 + s + 1. Let p(o) = -j(o) + 4*t(o). List the prime factors of p(-3).
2
Let f = -51 + 53. Suppose 0 = f*a + 6*a - 376. List the prime factors of a.
47
Suppose -60 = -5*j - 750. Let y = j - -328. List the prime factors of y.
2, 5, 19
What are the prime factors of (-5072)/(-14) - 1/((-14)/(-4))?
2, 181
Suppose -3*v + 5*u - 4 = -70, -4*u - 69 = -3*v. Suppose -o - 35 = -3*h, 3*h + v = 6*h - 3*o. List the prime factors of h.
13
What are the prime factors of (-106)/(4 - (-371)/(-91))?
2, 13, 53
Suppose -3 = -6*u + 9. Suppose 0*b + u*b - 12 = 0. List the prime factors of b.
2, 3
Let n(f) = -9*f**2 - 13*f + 20. Let y be n(15). List the prime factors of y/(-65) + 2/13.
2, 17
Suppose 3*n - 655 = 5*q, -q = 5*n - 3*q - 1098. Suppose -17*l + n = -7*l. List the 